 by 2354?
83
What is the remainder when 229644 is divided by 310?
244
Calculate the remainder when 479852 is divided by 19155.
977
Calculate the remainder when 5945 is divided by 3509.
2436
What is the remainder when 1038456 is divided by 139?
126
Calculate the remainder when 6461882 is divided by 9688.
9674
Calculate the remainder when 115064 is divided by 1061.
476
What is the remainder when 63580 is divided by 870?
70
What is the remainder when 44015 is divided by 7152?
1103
What is the remainder when 3148134 is divided by 303?
267
What is the remainder when 708855 is divided by 16482?
129
What is the remainder when 4105852796 is divided by 35?
31
What is the remainder when 85131128 is divided by 1293?
8
Calculate the remainder when 21193295 is divided by 21193278.
17
What is the remainder when 271587 is divided by 593?
586
Calculate the remainder when 743533 is divided by 485.
28
Calculate the remainder when 89933 is divided by 12834.
95
Calculate the remainder when 40633 is divided by 208.
73
Calculate the remainder when 206045 is divided by 102932.
181
What is the remainder when 10276551 is divided by 1032?
927
What is the remainder when 4645701 is divided by 4537?
4350
What is the remainder when 3418749 is divided by 2709?
2700
What is the remainder when 4027665 is divided by 1342161?
1182
Calculate the remainder when 56610 is divided by 292.
254
Calculate the remainder when 1308479631 is divided by 441.
438
What is the remainder when 3294825 is divided by 112?
9
Calculate the remainder when 162909 is divided by 5145.
3414
What is the remainder when 10801839 is divided by 11?
4
Calculate the remainder when 43014 is divided by 2372.
318
Calculate the remainder when 1624146 is divided by 11201.
1
Calculate the remainder when 11632912 is divided by 1201.
26
What is the remainder when 122330 is divided by 815?
80
Calculate the remainder when 585079 is divided by 1599.
1444
Calculate the remainder when 3993432 is divided by 363039.
3
Calculate the remainder when 6500391 is divided by 8055.
6
What is the remainder when 252228 is divided by 11977?
711
Calculate the remainder when 42125 is divided by 602.
587
What is the remainder when 65243497 is divided by 225756?
13
Calculate the remainder when 13554717 is divided by 2024.
2013
Calculate the remainder when 1056468 is divided by 527926.
616
Calculate the remainder when 262376 is divided by 1466.
1428
What is the remainder when 33725788 is divided by 614?
610
What is the remainder when 177577152 is divided by 153?
150
Calculate the remainder when 19120634 is divided by 32.
26
Calculate the remainder when 2440477 is divided by 206.
201
Calculate the remainder when 42852070 is divided by 3895640.
30
Calculate the remainder when 96642 is divided by 1423.
1301
What is the remainder when 4467382 is divided by 4467024?
358
Calculate the remainder when 663111 is divided by 47361.
57
What is the remainder when 17684410 is divided by 674?
672
What is the remainder when 245859 is divided by 49107?
324
Calculate the remainder when 28255150 is divided by 568.
558
What is the remainder when 1883516068 is divided by 1291?
1290
What is the remainder when 2414958 is divided by 344979?
105
Calculate the remainder when 6630822 is divided by 2386.
128
Calculate the remainder when 24333116 is divided by 210.
206
What is the remainder when 629368 is divided by 51?
28
Calculate the remainder when 148161 is divided by 21118.
335
Calculate the remainder when 266527744 is divided by 822.
820
What is the remainder when 9649491 is divided by 3216493?
12
What is the remainder when 450391 is divided by 10235?
51
What is the remainder when 124712 is divided by 231?
203
What is the remainder when 4951700 is divided by 93428?
16
Calculate the remainder when 1154513 is divided by 230264.
3193
What is the remainder when 10875998 is divided by 800?
798
Calculate the remainder when 473657 is divided by 147.
23
What is the remainder when 21102873 is divided by 4839?
4833
Calculate the remainder when 6427033 is divided by 11.
8
What is the remainder when 676823 is divided by 75200?
23
Calculate the remainder when 5123374 is divided by 3657.
3574
Calculate the remainder when 1205502 is divided by 281.
12
Calculate the remainder when 1084849 is divided by 8109.
6352
What is the remainder when 1751462 is divided by 689?
24
Calculate the remainder when 61516 is divided by 14568.
3244
What is the remainder when 27244800 is divided by 2064?
0
What is the remainder when 37319349 is divided by 33?
12
What is the remainder when 3956769 is divided by 53?
1
What is the remainder when 188379 is divided by 1655?
1364
Calculate the remainder when 1066949 is divided by 533473.
3
Calculate the remainder when 572487 is divided by 1689.
1605
Calculate the remainder when 1250432 is divided by 28.
8
What is the remainder when 369213 is divided by 457?
414
What is the remainder when 439430 is divided by 231?
68
What is the remainder when 1279847 is divided by 3982?
1625
What is the remainder when 63361 is divided by 21070?
151
Calculate the remainder when 321560 is divided by 134.
94
What is the remainder when 125293 is divided by 41734?
91
Calculate the remainder when 1595529 is divided by 218.
205
What is the remainder when 147273 is divided by 442?
87
Calculate the remainder when 33490 is divided by 33442.
48
What is the remainder when 2303709 is divided by 1684?
1681
What is the remainder when 327636 is divided by 74?
38
What is the remainder when 2859577 is divided by 2859466?
111
What is the remainder when 54812 is divided by 27389?
34
What is the remainder when 14358606 is divided by 4786176?
78
What is the remainder when 24333 is divided by 8287?
7759
What is the remainder when 248082 is divided by 2385?
42
Calculate the remainder when 167917 is divided by 5529.
2047
What is the remainder when 9157068 is divided by 20?
8
What is the remainder when 8148645 is divided by 24?
21
Calculate the remainder when 7902119 is divided by 7910.
29
What is the remainder when 77637 is divided by 19146?
1053
What is the remainder when 85672 is divided by 28545?
37
What is the remainder when 31587613 is divided by 263?
261
What is the remainder when 89147818 is divided by 1036?
18
Calculate the remainder when 3401539 is divided by 51538.
31
What is the remainder when 2903850 is divided by 36298?
10
Calculate the remainder when 5139244 is divided by 449.
439
Calculate the remainder when 448178 is divided by 4819.
11
Calculate the remainder when 536435 is divided by 477.
287
What is the remainder when 15692081 is divided by 46842?
11
Calculate the remainder when 7920148 is divided by 1584019.
53
Calculate the remainder when 8909128 is divided by 76.
28
What is the remainder when 23661789 is divided by 12566?
11
Calculate the remainder when 3977539 is divided by 284105.
69
Calculate the remainder when 557262 is divided by 5112.
54
What is the remainder when 26004 is divided by 1156?
572
What is the remainder when 109009 is divided by 2796?
2761
Calculate the remainder when 177597983 is divided by 8879899.
3
What is the remainder when 31643 is divided by 31582?
61
What is the remainder when 585203 is divided by 99?
14
What is the remainder when 1543815827 is divided by 3516?
3515
What is the remainder when 39804 is divided by 3976?
44
What is the remainder when 1234729 is divided by 2919?
2911
Calculate the remainder when 212283 is divided by 15162.
15
What is the remainder when 1522814 is divided by 5661?
5
Calculate the remainder when 1110125 is divided by 57.
50
Calculate the remainder when 66279251 is divided by 299906.
25
What is the remainder when 15204004 is divided by 2142?
88
What is the remainder when 14863402 is divided by 103?
90
What is the remainder when 5298773 is divided by 746?
681
What is the remainder when 2450970 is divided by 29?
6
Calculate the remainder when 103814 is divided by 1298.
1272
What is the remainder when 5460089 is divided by 59?
52
What is the remainder when 33354046 is divided by 6972?
6970
What is the remainder when 6916 is divided by 528?
52
Calculate the remainder when 545108 is divided by 10686.
122
What is the remainder when 1768324 is divided by 71?
69
What is the remainder when 87621 is divided by 178?
45
What is th